 g. Let x(i) = -6*i + 5. What is x(d)?
-19
Let g(z) be the third derivative of 0 - 1/24*z**4 + 0*z + 10*z**2 + 3/2*z**3. Suppose k - 2*t - 3 = 0, -3*k + 12 = 3*t - 8*t. Calculate g(k).
0
Let q be (-6 + -1)*18/(-63). Let v(n) = 9*n + 5 + 4*n**3 - 7*n**q - 3*n - 5*n**3 - 16. Determine v(-8).
5
Let n(k) = -k**2 + 18*k + 48. Suppose -126 = 1079*w - 1085*w. What is n(w)?
-15
Let u = -16 + 19. Suppose n = u*n - 20. Let b be (0 + (-10)/(-3))*12/n. Let g(i) = 2*i + 1. What is g(b)?
9
Let i(t) be the first derivative of 2*t**2 - 4*t - 1331. What is i(-6)?
-28
Let j(i) = i**2 + 15*i - 9. Suppose 0 = -n + 4*x + 2, -16*x + 12 = -12*x. Suppose 17*f - n*f - 12 = q, -5*f = 5. Give j(q).
-9
Suppose 0 = 21*c - 20 - 22. Let d(j) = -1 - 94*j**c - 96*j**2 + 189*j**2 + 6*j - 2*j. Determine d(3).
2
Suppose -5*t + 5*y - 10 = 0, 9*y = -2*t + 4*y + 24. Let c(o) = -68*o + 4 - 72*o + o**2 + 132*o + 0 - 2*o**t. Determine c(-4).
20
Suppose -1971 = -9*a - 594. Suppose 10*x - 53 + a = 0. Let s(j) = j**2 + 9*j - 13. What is s(x)?
-3
Let c = 71 + -70. Let u(w) = c - 11*w + 24*w + 6*w. Give u(-1).
-18
Suppose 2 = 4*o - 235*s + 233*s, 5*s - 31 = -2*o. Let h(l) = -2*l + 13. What is h(o)?
7
Let g(w) = w**2 + 16*w - 1242. Let s be g(-44). Let o(m) = -8*m - 9. Calculate o(s).
71
Let q(g) = g**3 - 13*g**2 + 11*g + 8. Let f = -2531 - -2543. Determine q(f).
-4
Let x(l) = 11*l. Let i(m) = 2*m. Suppose 5*c + 5*h - 10 = 0, c - 3*h - 20 = 2*h. Let p(o) = c*i(o) - x(o). Give p(0).
0
Let w(z) = -z**2 + 2*z + 3. Let r be w(3). Suppose j + 8*j = r. Suppose -5*g = -j*g + 50. Let l(h) = 2*h + 14. Determine l(g).
-6
Let i = -55 + 48. Let s(q) be the third derivative of 0 - 5/24*q**4 + 7/6*q**3 - 1/60*q**5 + 0*q - 4*q**2. Determine s(i).
-7
Let n(g) = g**2 - g - 47. Let a be n(-6). Let u be ((-26)/65)/(1/a). Let p(c) = 0*c**3 + 7 - 3*c**2 - 1 - c**3 + c - 5*c**u. What is p(-8)?
-2
Let u(a) be the second derivative of -a**5/20 - a**4/3 + 5*a**3/6 - a**2/2 - 21*a - 7. What is u(1)?
-1
Let r(c) be the first derivative of -1/3*c**3 - 9 - 3/2*c**2 + 1/4*c**4 + 3*c. Let k be 3 - (-3 + 3 - -1). What is r(k)?
1
Let l(n) = n**3 + 19*n**2 - 114*n - 26. Let p(z) = -z**3 - 16*z**2 + 98*z + 24. Let c(d) = 4*l(d) + 5*p(d). Determine c(-8).
0
Let j(w) = -6*w - 11. Let p = -21467 - -21465. What is j(p)?
1
Let z(q) = q**2 + 13*q - 42. Suppose 13*o - 3120 = 208*o. What is z(o)?
6
Let h = 8051 - 8056. Let w(s) = 13*s + 65. Determine w(h).
0
Let v be ((-1)/16)/(43/(-688)). Let c(z) = 14*z. What is c(v)?
14
Let w = 1906 + -1914. Let i(t) = -t**3 - 9*t**2 - 11*t - 17. Determine i(w).
7
Let t(z) be the first derivative of z**6/120 - 7*z**5/60 + z**4/12 + 7*z**3/6 - 83*z**2 + 162. Let s(q) be the second derivative of t(q). Give s(6).
-17
Let s(p) = p**3 - 26*p**2 + 23*p + 57. Let c be s(25). Let x(q) = 6*q**3 - q + q**2 - c + 16 - 7*q**3 + 11. Calculate x(0).
20
Let g(v) = -v**3 + 1478*v**2 - 598*v**2 - 21 - 883*v**2. Determine g(0).
-21
Let c(f) = -f - 4. Suppose 0 = v - 4*m + 2 - 3, 3*v + 5*m = -31. Let z be (v + 3)*-1 + 1. Suppose 7 = -z*d - 23. Calculate c(d).
2
Let t(i) = i + 1. Let g = 552 + -510. Let n be (-3)/(-6) - (-297)/(-6). Let l = g + n. What is t(l)?
-6
Let b(z) = 9*z - 4. Suppose 11 = 108*p - 107*p - 2*q, 0 = -3*q - 12. Determine b(p).
23
Let n(q) be the second derivative of 7*q**3/6 - q**2/2 + 3*q. Let z(j) = 10*j**3 + 2*j**2 - j - 4. Let i be z(2). Let w = i - 80. Determine n(w).
13
Let o be 4 + 3 - 2*1. Let v(p) = -778*p**2 + 2*p**3 + 0*p**3 + 7 - p**3 - 10*p + 773*p**2 + 10*p. Calculate v(o).
7
Let h(r) = 2*r + 2*r - 4 - r + 24 + 12. What is h(-9)?
5
Let z(p) = 2*p - 41. Suppose 497*j - 499*j - 46 = -3*y, j = -y + 12. What is z(y)?
-13
Let o be ((-288)/(-40) - 6)*(-400)/60. Let l(y) = -y**3 - 4*y**2 + 31*y - 4. Give l(o).
4
Let i(w) = w**2 + 7*w + 1. Let r(o) = -o. Suppose 0 = -4*g - 22 + 38. Let f(k) = g*r(k) + i(k). Suppose -12 = 2*z + 2*x, 0 = z + 2*x + 3*x + 22. Determine f(z).
-1
Let q(o) be the first derivative of -11*o**4/4 + o**3/3 + o**2 + o + 3588. Determine q(-1).
11
Let n be 1/(74/24 - 3). Let q be (-1 - 0/(-1))/(4/n). Let u(p) = 5*p + 1. Let g(r) = -7*r - 2. Let t(a) = 2*g(a) + 3*u(a). What is t(q)?
-4
Let t(o) = 54 + o**2 - o - 109 + 56. Let q(b) = -b**3 + b**2 + b + 3. Let s be q(0). Determine t(s).
7
Let j(y) = 103*y**2 + 95*y**2 - 203*y**2. Let d = -2 + 3. Determine j(d).
-5
Let n(q) = -7*q**2 - q + 2. Suppose -4*s - 12*x = -15*x - 3352, -4*x = 2*s - 1698. Let v = s + -840. What is n(v)?
-6
Suppose 232*v = 240*v - 24. Let f(j) be the first derivative of -1/4*j**4 + 7 + 0*j**2 + j**3 - 4*j. What is f(v)?
-4
Let h = 224 + -205. Let g(f) = 0*f - 14 - 2*f - 11 + h. Give g(-4).
2
Suppose 0 = -7*f - 35 - 21. Let c be 6/(-15) - f/20 - -409. Let p(a) = 0*a - 3*a + c - 408. What is p(-1)?
4
Let c(x) = -5*x + 4. Let o be c(2). Let b(q) = 3*q**2 + 11*q + 2. Give b(o).
44
Suppose 63*s = 57*s - 2 + 2. Let x(n) = -n**2 - 2*n + 3. Calculate x(s).
3
Suppose 12*z = -2738 - 1114. Let a = -323 - z. Let h(n) = -7*n + 1. Give h(a).
15
Let m(z) = 5*z**3 - 40*z**2 + 34*z + 137. Let s(o) = o**3 - 8*o**2 + 7*o + 26. Let y(t) = -2*m(t) + 11*s(t). Calculate y(5).
-18
Let c = 179 + -174. Let y be (-9)/((c + 2)/(-7)). Let o(g) = -2*g + 1. Determine o(y).
-17
Let y(d) be the second derivative of 2*d**3/3 - 41*d**2/2 + 560*d. Calculate y(13).
11
Suppose 6*d + 3112 = 5*j + 7*d, -1884 = -3*j + 5*d. Let p = -623 + j. Let u(o) = -3*o + 7 + 2*o - 2. Determine u(p).
5
Let t = -91 + 84. Let i = -2 - -8. Let a(d) = 2*d - i*d + 5 + 3 + 5*d. Determine a(t).
1
Let x(g) = 9*g**2 + 26*g - 28. Let h(b) = 4*b**2 + 13*b - 14. Let p(w) = -7*h(w) + 3*x(w). Let k(u) = -93*u - 2246. Let s be k(-24). What is p(s)?
0
Let k(g) = 9*g - 72. Let h = -428 - -436. Give k(h).
0
Let c(g) be the third derivative of -g**5/30 + 5*g**4/8 + 25*g**3/6 - 2*g**2 + 1. Determine c(9).
-2
Let s = 10 - 7. Let v = -60 - -63. Let i(r) = 2*r**3 + 4*r - 1. Let g(b) = 3*b**3 + b**2 + 7*b - 2. Let y(l) = v*g(l) - 5*i(l). Give y(s).
2
Let n(d) = 76*d - 66*d - 11 - d**2 - 22*d. Determine n(-12).
-11
Let v(n) = -6*n - 2*n**3 + 2 + 3*n - 4*n**2 - 3. Suppose 146 - 1073 = 3*k. Let g = -311 - k. Calculate v(g).
5
Let r(u) = 10*u**3 + 5*u**2 - u - 1. Suppose -7 = -2*y - 5*c, -3*y - 3*c - 2 = -8*c. What is r(y)?
13
Let j = 5 - 11. Let h be (9/j)/(1/2). Let v(p) = -6*p**3 + 48*p**2 - 108*p + 1. Let s(g) = -g**3 + 9*g**2 - 20*g. Let a(w) = 11*s(w) - 2*v(w). What is a(h)?
10
Let o be (-17)/(510/495) + -1 + 3/2. Let k(d) = -d**3 - 15*d**2 + 17*d + 14. Calculate k(o).
-2
Let f(a) be the third derivative of -17*a**4/24 - 5*a**3/2 - a**2 + 9*a - 202. Calculate f(-1).
2
Let d(y) = -1451 + 45*y - 1815 + 2504. Calculate d(17).
3
Let q be 12/6 + -2 + 5. Suppose 4*a + q = 13. Let y(n) = a*n + 2 - n**2 - 6*n**2 - 2*n**3 + 8*n**2. Give y(-2).
18
Let h(v) be the second derivative of v**4/6 - 10*v**3 + 61*v**2/2 + 10*v - 34. What is h(29)?
3
Let a = 5 + -7. Let t = -1048 + 1050. Let j(k) = 79009 - k**t + 2*k**2 - 79009 + k**2. Determine j(a).
8
Suppose -20*i = -477 - 23. Let s(k) = 4*k - 123. Calculate s(i).
-23
Let y(k) = 7*k**2 - 2*k + 14. Let m be y(5). Let l(u) = -63 - 63 + m - u - 56. Calculate l(-3).
0
Let a(s) = -8*s + 1. Let p(c) = c + 24. Let n = -190 - -163. Let r be p(n). What is a(r)?
25
Let d(y) be the first derivative of y**3/3 - 7*y**2/2 - 11*y + 1819. What is d(14)?
87
Suppose -11*i + 106 + 290 = 0. Let b be (2/14 + i/42)*7. Let n(o) = -o**3 + 8*o**2 - 5*o - 4. Calculate n(b).
10
Let c be 1 + (3 - (7 + 1)). Let v(i) be the first derivative of i**4/12 + i**3 + 2*i**2 + 36*i + 19. Let y(d) be the first derivative of v(d). Determine y(c).
-4
Let j(w) be the first derivative of -w**4/4 - 8*w**3 - 23*w**2/2 + 8*w + 104. Give j(-23).
8
Let f(d) = -7*d - 9. Let z(m) = 18*m - 8. Let n(c) = 48*c - 24. Let l(q) = -4*n(q) + 11*z(q). Let o(s) = -4*f(s) - 5*l(s). What is o(-7)?
10
Let m(o) = o + 5. Let y(h) = 2*h**2 - 31*h + 18. Let d be y(15). Suppose 5*c = f + 2*c + 11, d*f + 3*c = -9. Determine m(f).
0
Let s(p) = -p**2 - 17*p - 23. Let z = -171 - -174. Suppose -4*b - 44 = 2*t, 0*b - z*b - 57 = 3*t. Determine s(t).
-7
Suppose 0 = -13*n + 22 - 620. Let l be 41 + n - 1/(-1). Let g(r) = r**2 + 8*r + 10. Give g(l).
-6
Suppose -22 = m + 3*l, -152 + 74 = 5*m - l. Let j(x) = 2*x**3 